{"id":31,"date":"2021-09-22T20:27:25","date_gmt":"2021-09-22T20:27:25","guid":{"rendered":"https:\/\/neu1.ermenswil.ch\/cms\/?page_id=31"},"modified":"2022-01-23T21:16:11","modified_gmt":"2022-01-23T21:16:11","slug":"goenner-und-sponsoren","status":"publish","type":"page","link":"https:\/\/www.ermenswil.ch\/index.php\/goenner-und-sponsoren\/","title":{"rendered":"G\u00f6nner und Sponsoren"},"content":{"rendered":"\n<p>An dieser Stelle m\u00f6chten wir uns bei allen bedanken, die unseren Verein in finanzieller oder materieller Form unterst\u00fctzen und daf\u00fcr sorgen, dass immer wieder tolle Anl\u00e4sse durchgef\u00fchrt werden k\u00f6nnen.<\/p>\n\n\n\n<p><strong>G\u00f6nner<\/strong>: Der G\u00f6nnerbeitrag betr\u00e4gt bei uns CHF 50.00 pro Jahr. Alle G\u00f6nner werden namentlich auf unserer Website aufgef\u00fchrt. Sollten Sie gegen eine Auff\u00fchrung auf der Website sein, lassen Sie es uns wissen.<\/p>\n\n\n\n<p> <strong>Sponsoren<\/strong>: Sponsoren des Vereins pro Ermenswil beteiligen sich an einem oder mehreren Events des Vereins. Dies kann in Form finanziellen oder sonstigen Leistungen geschehen. Alle unsere Sponsoren werden auf der Website namentlich und mit Logo aufgef\u00fchrt.<\/p>\n\n\n\n<p>Setzen Sie sich \u00fcber die <a href=\"https:\/\/www.ermenswil.ch\/index.php\/kontakt\/\" data-type=\"page\" data-id=\"21\">Kontaktseite <\/a>mit uns in Verbindung, wenn Sie uns unterst\u00fctzen m\u00f6chten.<\/p>\n\n\n\n<p><\/p>\n\n\n\n<table id=\"tablepress-1\" class=\"tablepress tablepress-id-1\">\n<tbody>\n<tr class=\"row-1\">\n\t<td class=\"column-1\"><img loading=\"lazy\" decoding=\"async\" src=\"https:\/\/www.ermenswil.ch\/wp-content\/uploads\/2021\/11\/Raiffeisenbank_am_Ricken-1-300x159.jpg\" alt=\"\" width=\"300\" height=\"159\" class=\"alignnone size-medium wp-image-474\" srcset=\"https:\/\/www.ermenswil.ch\/wp-content\/uploads\/2021\/11\/Raiffeisenbank_am_Ricken-1-300x159.jpg 300w, https:\/\/www.ermenswil.ch\/wp-content\/uploads\/2021\/11\/Raiffeisenbank_am_Ricken-1.jpg 733w\" sizes=\"auto, (max-width: 300px) 100vw, 300px\" \/><\/td><td class=\"column-2\"><a href=\"https:\/\/www.raiffeisen.ch\/am-ricken\/de.html\" rel=\"noopener\" target=\"_blank\">Raiffeisenbank am Ricken<\/a><\/td>\n<\/tr>\n<tr class=\"row-2\">\n\t<td class=\"column-1\"><a href=\"https:\/\/www.baumann-springs.com\/de\/\"><img loading=\"lazy\" decoding=\"async\" src=\"https:\/\/www.ermenswil.ch\/wp-content\/uploads\/2023\/04\/BM_logo_pos_large-300x68.jpg\" alt=\"\" width=\"300\" height=\"68\" class=\"alignnone size-medium wp-image-1472\" srcset=\"https:\/\/www.ermenswil.ch\/wp-content\/uploads\/2023\/04\/BM_logo_pos_large-300x68.jpg 300w, https:\/\/www.ermenswil.ch\/wp-content\/uploads\/2023\/04\/BM_logo_pos_large-1024x232.jpg 1024w, https:\/\/www.ermenswil.ch\/wp-content\/uploads\/2023\/04\/BM_logo_pos_large-768x174.jpg 768w, https:\/\/www.ermenswil.ch\/wp-content\/uploads\/2023\/04\/BM_logo_pos_large-1536x348.jpg 1536w, https:\/\/www.ermenswil.ch\/wp-content\/uploads\/2023\/04\/BM_logo_pos_large-2048x464.jpg 2048w\" sizes=\"auto, (max-width: 300px) 100vw, 300px\" \/><\/a><\/td><td class=\"column-2\"><a href=\"https:\/\/www.baumann-springs.com\/de\/\" rel=\"noopener\" target=\"_blank\">BAUMANN Springs Ltd.<\/a><\/td>\n<\/tr>\n<tr class=\"row-3\">\n\t<td class=\"column-1\"><a href=\"https:\/\/www.schneiderbus.ch\/\"><img loading=\"lazy\" decoding=\"async\" src=\"https:\/\/www.ermenswil.ch\/wp-content\/uploads\/2022\/05\/schneider_busbe_150.jpg\" alt=\"\" width=\"300\" height=\"225\" class=\"alignnone size-medium wp-image-542\" \/><\/a><\/td><td class=\"column-2\"><a href=\"https:\/\/www.schneiderbus.ch\/\" rel=\"noopener\" target=\"_blank\">Schneider Linienbus AG<\/a><\/td>\n<\/tr>\n<tr class=\"row-4\">\n\t<td class=\"column-1\"><a href=\"http:\/\/www.rueegg4you.ch\/\"><img loading=\"lazy\" decoding=\"async\" src=\"https:\/\/www.ermenswil.ch\/wp-content\/uploads\/2023\/01\/archehof1-o27nvroa55uwpem1kvc85w3usj4fv6ni0n674b8ix8.png\" alt=\"\" width=\"300\" height=\"225\" class=\"alignnone size-medium wp-image-542\" \/><\/a><\/td><td class=\"column-2\"><a href=\"http:\/\/www.rueegg4you.ch\/\" rel=\"noopener\" target=\"_blank\">Archehof R\u00fcegg<\/a><\/td>\n<\/tr>\n<tr class=\"row-5\">\n\t<td class=\"column-1\"><a href=\"https:\/\/www.egli.ch\/\"><img loading=\"lazy\" decoding=\"async\" src=\"https:\/\/www.ermenswil.ch\/wp-content\/uploads\/2023\/02\/Egli_Logo_X.png\" alt=\"\" width=\"300\" height=\"225\" class=\"alignnone size-medium wp-image-542\" \/><\/a><\/td><td class=\"column-2\"><a href=\"https:\/\/www.egli.ch\/\" rel=\"noopener\" target=\"_blank\">Elektro Egli AG<\/a><\/td>\n<\/tr>\n<\/tbody>\n<\/table>\n<!-- #tablepress-1 from cache -->\n","protected":false},"excerpt":{"rendered":"<p>An dieser Stelle m\u00f6chten wir uns bei allen bedanken, die unseren Verein in finanzieller oder materieller Form unterst\u00fctzen und daf\u00fcr sorgen, dass immer wieder tolle &hellip; <\/p>\n","protected":false},"author":1,"featured_media":0,"parent":0,"menu_order":0,"comment_status":"closed","ping_status":"closed","template":"","meta":{"ngg_post_thumbnail":0,"footnotes":""},"class_list":["post-31","page","type-page","status-publish","hentry"],"publishpress_future_action":{"enabled":false,"date":"2026-05-07 22:12:04","action":"change-status","newStatus":"draft","terms":[],"taxonomy":"","extraData":[]},"publishpress_future_workflow_manual_trigger":{"enabledWorkflows":[]},"_links":{"self":[{"href":"https:\/\/www.ermenswil.ch\/index.php\/wp-json\/wp\/v2\/pages\/31","targetHints":{"allow":["GET"]}}],"collection":[{"href":"https:\/\/www.ermenswil.ch\/index.php\/wp-json\/wp\/v2\/pages"}],"about":[{"href":"https:\/\/www.ermenswil.ch\/index.php\/wp-json\/wp\/v2\/types\/page"}],"author":[{"embeddable":true,"href":"https:\/\/www.ermenswil.ch\/index.php\/wp-json\/wp\/v2\/users\/1"}],"replies":[{"embeddable":true,"href":"https:\/\/www.ermenswil.ch\/index.php\/wp-json\/wp\/v2\/comments?post=31"}],"version-history":[{"count":14,"href":"https:\/\/www.ermenswil.ch\/index.php\/wp-json\/wp\/v2\/pages\/31\/revisions"}],"predecessor-version":[{"id":637,"href":"https:\/\/www.ermenswil.ch\/index.php\/wp-json\/wp\/v2\/pages\/31\/revisions\/637"}],"wp:attachment":[{"href":"https:\/\/www.ermenswil.ch\/index.php\/wp-json\/wp\/v2\/media?parent=31"}],"curies":[{"name":"wp","href":"https:\/\/api.w.org\/{rel}","templated":true}]}}

Gönner und Sponsoren

<p>An dieser Stelle möchten wir uns bei allen bedanken, die unseren Verein in finanzieller oder materieller Form unterstützen und dafür sorgen, dass immer wieder tolle Anlässe durchgeführt werden können.</p>



<p><strong>Gönner</strong>: Der Gönnerbeitrag beträgt bei uns CHF 50.00 pro Jahr. Alle Gönner werden namentlich auf unserer Website aufgeführt. Sollten Sie gegen eine Aufführung auf der Website sein, lassen Sie es uns wissen.</p>



<p> <strong>Sponsoren</strong>: Sponsoren des Vereins pro Ermenswil beteiligen sich an einem oder mehreren Events des Vereins. Dies kann in Form finanziellen oder sonstigen Leistungen geschehen. Alle unsere Sponsoren werden auf der Website namentlich und mit Logo aufgeführt.</p>



<p>Setzen Sie sich über die <a href="https://www.ermenswil.ch/index.php/kontakt/" data-type="page" data-id="21">Kontaktseite </a>mit uns in Verbindung, wenn Sie uns unterstützen möchten.</p>



<p></p>



<table id="tablepress-1" class="tablepress tablepress-id-1">
<tbody>
<tr class="row-1">
	<td class="column-1"><img loading="lazy" decoding="async" src="https://www.ermenswil.ch/wp-content/uploads/2021/11/Raiffeisenbank_am_Ricken-1-300x159.jpg" alt="" width="300" height="159" class="alignnone size-medium wp-image-474" srcset="https://www.ermenswil.ch/wp-content/uploads/2021/11/Raiffeisenbank_am_Ricken-1-300x159.jpg 300w, https://www.ermenswil.ch/wp-content/uploads/2021/11/Raiffeisenbank_am_Ricken-1.jpg 733w" sizes="auto, (max-width: 300px) 100vw, 300px" /></td><td class="column-2"><a href="https://www.raiffeisen.ch/am-ricken/de.html" rel="noopener" target="_blank">Raiffeisenbank am Ricken</a></td>
</tr>
<tr class="row-2">
	<td class="column-1"><a href="https://www.baumann-springs.com/de/"><img loading="lazy" decoding="async" src="https://www.ermenswil.ch/wp-content/uploads/2023/04/BM_logo_pos_large-300x68.jpg" alt="" width="300" height="68" class="alignnone size-medium wp-image-1472" srcset="https://www.ermenswil.ch/wp-content/uploads/2023/04/BM_logo_pos_large-300x68.jpg 300w, https://www.ermenswil.ch/wp-content/uploads/2023/04/BM_logo_pos_large-1024x232.jpg 1024w, https://www.ermenswil.ch/wp-content/uploads/2023/04/BM_logo_pos_large-768x174.jpg 768w, https://www.ermenswil.ch/wp-content/uploads/2023/04/BM_logo_pos_large-1536x348.jpg 1536w, https://www.ermenswil.ch/wp-content/uploads/2023/04/BM_logo_pos_large-2048x464.jpg 2048w" sizes="auto, (max-width: 300px) 100vw, 300px" /></a></td><td class="column-2"><a href="https://www.baumann-springs.com/de/" rel="noopener" target="_blank">BAUMANN Springs Ltd.</a></td>
</tr>
<tr class="row-3">
	<td class="column-1"><a href="https://www.schneiderbus.ch/"><img loading="lazy" decoding="async" src="https://www.ermenswil.ch/wp-content/uploads/2022/05/schneider_busbe_150.jpg" alt="" width="300" height="225" class="alignnone size-medium wp-image-542" /></a></td><td class="column-2"><a href="https://www.schneiderbus.ch/" rel="noopener" target="_blank">Schneider Linienbus AG</a></td>
</tr>
<tr class="row-4">
	<td class="column-1"><a href="http://www.rueegg4you.ch/"><img loading="lazy" decoding="async" src="https://www.ermenswil.ch/wp-content/uploads/2023/01/archehof1-o27nvroa55uwpem1kvc85w3usj4fv6ni0n674b8ix8.png" alt="" width="300" height="225" class="alignnone size-medium wp-image-542" /></a></td><td class="column-2"><a href="http://www.rueegg4you.ch/" rel="noopener" target="_blank">Archehof Rüegg</a></td>
</tr>
<tr class="row-5">
	<td class="column-1"><a href="https://www.egli.ch/"><img loading="lazy" decoding="async" src="https://www.ermenswil.ch/wp-content/uploads/2023/02/Egli_Logo_X.png" alt="" width="300" height="225" class="alignnone size-medium wp-image-542" /></a></td><td class="column-2"><a href="https://www.egli.ch/" rel="noopener" target="_blank">Elektro Egli AG</a></td>
</tr>
</tbody>
</table>
<!-- #tablepress-1 from cache -->

<p>An dieser Stelle möchten wir uns bei allen bedanken, die unseren Verein in finanzieller oder materieller Form unterstützen und dafür sorgen, dass immer wieder tolle &hellip; </p>
