{"id":29,"date":"2021-09-22T20:27:07","date_gmt":"2021-09-22T20:27:07","guid":{"rendered":"https:\/\/neu1.ermenswil.ch\/cms\/?page_id=29"},"modified":"2021-10-26T20:01:29","modified_gmt":"2021-10-26T20:01:29","slug":"unser-dorf","status":"publish","type":"page","link":"https:\/\/www.ermenswil.ch\/index.php\/unser-dorf\/","title":{"rendered":"Unser Dorf"},"content":{"rendered":"\n<div class=\"wp-block-image\"><figure class=\"alignright\"><img loading=\"lazy\" decoding=\"async\" width=\"255\" height=\"167\" src=\"https:\/\/neu1.ermenswil.ch\/cms\/wp-content\/uploads\/2021\/09\/ermenswil_01.jpg\" alt=\"\" class=\"wp-image-78\"\/><\/figure><\/div>\n\n\n\n<p>Ermenswil, eine idyllische, kleine Ortschaft mit viel Charme, liegt eingebettet in sanften H\u00fcgelz\u00fcgen zwischen Eschenbach und R\u00fcti. Politisch ist Ermenswil an <a href=\"http:\/\/www.eschenbach.ch\" target=\"_blank\" rel=\"noreferrer noopener\">Eschenbach<\/a> angegliedert.<\/p>\n\n\n\n<p>Unser Dorf z\u00e4hlt 768 Einwohner (Stand 05.2020) und \u00fcber 500 Menschen finden hier ihren Arbeitsplatz. Der gr\u00f6sste Arbeitgeber ist die Firma Baumann Federn AG.<\/p>\n\n\n\n<p>Rapperswil-Jona (die zweitgr\u00f6sste Stadt des Kanton St. Gallens), Eschenbach oder R\u00fcti ZH sind innert weniger Minuten mit dem Auto oder den \u00f6ffentlichen Verkehrsmitteln erreichbar.<\/p>\n\n\n\n<p>Hier finden Sie <a href=\"https:\/\/maps.google.ch\/maps?q=Ermenswil,+Eschenbach&amp;hl=de&amp;ll=47.245343,8.885837&amp;spn=0.006278,0.016512&amp;sll=47.24069,8.92205&amp;sspn=0.050231,0.132093&amp;oq=Ermenswi&amp;t=h&amp;hnear=Ermenswil&amp;z=17\" target=\"_blank\" rel=\"noreferrer noopener\">Ermenswil auf Google Maps<\/a>.<\/p>\n","protected":false},"excerpt":{"rendered":"<p>Ermenswil, eine idyllische, kleine Ortschaft mit viel Charme, liegt eingebettet in sanften H\u00fcgelz\u00fcgen zwischen Eschenbach und R\u00fcti. Politisch ist Ermenswil an Eschenbach angegliedert. Unser Dorf &hellip; <\/p>\n","protected":false},"author":1,"featured_media":0,"parent":0,"menu_order":0,"comment_status":"closed","ping_status":"closed","template":"","meta":{"ngg_post_thumbnail":0,"footnotes":""},"class_list":["post-29","page","type-page","status-publish","hentry"],"publishpress_future_action":{"enabled":false,"date":"2026-05-07 20:47:17","action":"change-status","newStatus":"draft","terms":[],"taxonomy":"","extraData":[]},"publishpress_future_workflow_manual_trigger":{"enabledWorkflows":[]},"_links":{"self":[{"href":"https:\/\/www.ermenswil.ch\/index.php\/wp-json\/wp\/v2\/pages\/29","targetHints":{"allow":["GET"]}}],"collection":[{"href":"https:\/\/www.ermenswil.ch\/index.php\/wp-json\/wp\/v2\/pages"}],"about":[{"href":"https:\/\/www.ermenswil.ch\/index.php\/wp-json\/wp\/v2\/types\/page"}],"author":[{"embeddable":true,"href":"https:\/\/www.ermenswil.ch\/index.php\/wp-json\/wp\/v2\/users\/1"}],"replies":[{"embeddable":true,"href":"https:\/\/www.ermenswil.ch\/index.php\/wp-json\/wp\/v2\/comments?post=29"}],"version-history":[{"count":4,"href":"https:\/\/www.ermenswil.ch\/index.php\/wp-json\/wp\/v2\/pages\/29\/revisions"}],"predecessor-version":[{"id":317,"href":"https:\/\/www.ermenswil.ch\/index.php\/wp-json\/wp\/v2\/pages\/29\/revisions\/317"}],"wp:attachment":[{"href":"https:\/\/www.ermenswil.ch\/index.php\/wp-json\/wp\/v2\/media?parent=29"}],"curies":[{"name":"wp","href":"https:\/\/api.w.org\/{rel}","templated":true}]}}

<div class="wp-block-image"><figure class="alignright"><img loading="lazy" decoding="async" width="255" height="167" src="https://neu1.ermenswil.ch/cms/wp-content/uploads/2021/09/ermenswil_01.jpg" alt="" class="wp-image-78"/></figure></div>



<p>Ermenswil, eine idyllische, kleine Ortschaft mit viel Charme, liegt eingebettet in sanften Hügelzügen zwischen Eschenbach und Rüti. Politisch ist Ermenswil an <a href="http://www.eschenbach.ch" target="_blank" rel="noreferrer noopener">Eschenbach</a> angegliedert.</p>



<p>Unser Dorf zählt 768 Einwohner (Stand 05.2020) und über 500 Menschen finden hier ihren Arbeitsplatz. Der grösste Arbeitgeber ist die Firma Baumann Federn AG.</p>



<p>Rapperswil-Jona (die zweitgrösste Stadt des Kanton St. Gallens), Eschenbach oder Rüti ZH sind innert weniger Minuten mit dem Auto oder den öffentlichen Verkehrsmitteln erreichbar.</p>



<p>Hier finden Sie <a href="https://maps.google.ch/maps?q=Ermenswil,+Eschenbach&amp;hl=de&amp;ll=47.245343,8.885837&amp;spn=0.006278,0.016512&amp;sll=47.24069,8.92205&amp;sspn=0.050231,0.132093&amp;oq=Ermenswi&amp;t=h&amp;hnear=Ermenswil&amp;z=17" target="_blank" rel="noreferrer noopener">Ermenswil auf Google Maps</a>.</p>

<p>Ermenswil, eine idyllische, kleine Ortschaft mit viel Charme, liegt eingebettet in sanften Hügelzügen zwischen Eschenbach und Rüti. Politisch ist Ermenswil an Eschenbach angegliedert. Unser Dorf &hellip; </p>
