{"id":25,"date":"2021-09-22T20:26:21","date_gmt":"2021-09-22T20:26:21","guid":{"rendered":"https:\/\/neu1.ermenswil.ch\/cms\/?page_id=25"},"modified":"2025-01-20T20:41:27","modified_gmt":"2025-01-20T20:41:27","slug":"der-verein","status":"publish","type":"page","link":"https:\/\/www.ermenswil.ch\/index.php\/der-verein\/","title":{"rendered":"Der Verein"},"content":{"rendered":"<div class=\"wp-block-image\">\n<figure class=\"alignleft size-full\"><img loading=\"lazy\" decoding=\"async\" width=\"250\" height=\"168\" src=\"https:\/\/neu1.ermenswil.ch\/cms\/wp-content\/uploads\/2021\/09\/ermenswil_Spielplatz1.jpg\" alt=\"\" class=\"wp-image-79\"\/><\/figure>\n<\/div>\n\n\n<p>Die Grundidee war, der Bev\u00f6lkerung von Ermenswil einen Ort der Begegnung, insbesondere aber den Kindern eine M\u00f6glichkeit zu bieten, sich abseits von allem Verkehr bei Spiel und Sport zu vergn\u00fcgen.<\/p>\n\n\n\n<p>Um das Bauvorhaben eines Spiel- und Hartplatzes zu realisieren und diesen danach auch zu unterhalten, war im Februar 1999 die Schaffung eines Vereins notwendig.<\/p>\n\n\n<div class=\"wp-block-image\">\n<figure class=\"alignleft size-full\"><img loading=\"lazy\" decoding=\"async\" width=\"250\" height=\"188\" src=\"https:\/\/neu1.ermenswil.ch\/cms\/wp-content\/uploads\/2021\/09\/ermenswil_Spielplatz2.jpg\" alt=\"\" class=\"wp-image-80\"\/><\/figure>\n<\/div>\n\n\n<p>Bei der Suche nach einem geeigneten Standort, durfte man auf die Grossz\u00fcgigkeit der Firma Baumann Federn z\u00e4hlen, welche das idyllisch an einem Bach gelegene Grundst\u00fcck zwischen ihren Tennis- und Fussballpl\u00e4tzen kostenlos zur Verf\u00fcgung stellte.<\/p>\n\n\n\n<p>Mit Unterst\u00fctzung vieler Sponsoren und nach unz\u00e4hligen Stunden Fronarbeit, konnte im September 2000 die neue Freizeitanlage im Rahmen des ersten Sport- und Spielplatzfestes eingeweiht werden.<\/p>\n\n\n\n<p>Nebst dem allj\u00e4hlichen Sport-und Spielplatzfest, werden mittlerweile auch zahlreiche andere <a href=\"https:\/\/www.ermenswil.ch\/index.php\/agenda\/\" data-type=\"page\" data-id=\"11\">Anl\u00e4sse <\/a>organisiert. Zudem setzt sich der Verein f\u00fcr kulturelle und gesellschaftliche Interessen ein.<\/p>\n\n\n<div class=\"wp-block-image\">\n<figure class=\"alignleft size-full\"><img loading=\"lazy\" decoding=\"async\" width=\"250\" height=\"188\" src=\"https:\/\/neu1.ermenswil.ch\/cms\/wp-content\/uploads\/2021\/09\/ermenswil_Spielplatz3.jpg\" alt=\"\" class=\"wp-image-81\"\/><\/figure>\n<\/div>\n\n\n<p>Hier sehen Sie das <a href=\"https:\/\/www.ermenswil.ch\/index.php\/organigramm\/\" data-type=\"page\" data-id=\"27\">Organigramm unseres Vereins<\/a>.<\/p>\n\n\n\n<p>Sind Sie an einer Mitgliedschaft interessiert? Wir freuen uns \u00fcber jede Unterst\u00fctzung! In K\u00fcrze steht an dieser Stelle ein Formular zum Ausf\u00fcllen bereit oder senden Sie einfach ein Mail an <a href=\"mailto:info@ermenswil.ch\">info(at)ermenswil.ch<\/a>.<\/p>\n\n\n\n<p><\/p>\n","protected":false},"excerpt":{"rendered":"<p>Die Grundidee war, der Bev\u00f6lkerung von Ermenswil einen Ort der Begegnung, insbesondere aber den Kindern eine M\u00f6glichkeit zu bieten, sich abseits von allem Verkehr bei &hellip; <\/p>\n","protected":false},"author":1,"featured_media":0,"parent":0,"menu_order":0,"comment_status":"closed","ping_status":"closed","template":"","meta":{"ngg_post_thumbnail":0,"footnotes":""},"class_list":["post-25","page","type-page","status-publish","hentry"],"publishpress_future_action":{"enabled":false,"date":"2026-05-07 20:47:32","action":"change-status","newStatus":"draft","terms":[],"taxonomy":"","extraData":[]},"publishpress_future_workflow_manual_trigger":{"enabledWorkflows":[]},"_links":{"self":[{"href":"https:\/\/www.ermenswil.ch\/index.php\/wp-json\/wp\/v2\/pages\/25","targetHints":{"allow":["GET"]}}],"collection":[{"href":"https:\/\/www.ermenswil.ch\/index.php\/wp-json\/wp\/v2\/pages"}],"about":[{"href":"https:\/\/www.ermenswil.ch\/index.php\/wp-json\/wp\/v2\/types\/page"}],"author":[{"embeddable":true,"href":"https:\/\/www.ermenswil.ch\/index.php\/wp-json\/wp\/v2\/users\/1"}],"replies":[{"embeddable":true,"href":"https:\/\/www.ermenswil.ch\/index.php\/wp-json\/wp\/v2\/comments?post=25"}],"version-history":[{"count":4,"href":"https:\/\/www.ermenswil.ch\/index.php\/wp-json\/wp\/v2\/pages\/25\/revisions"}],"predecessor-version":[{"id":2284,"href":"https:\/\/www.ermenswil.ch\/index.php\/wp-json\/wp\/v2\/pages\/25\/revisions\/2284"}],"wp:attachment":[{"href":"https:\/\/www.ermenswil.ch\/index.php\/wp-json\/wp\/v2\/media?parent=25"}],"curies":[{"name":"wp","href":"https:\/\/api.w.org\/{rel}","templated":true}]}}

<div class="wp-block-image">
<figure class="alignleft size-full"><img loading="lazy" decoding="async" width="250" height="168" src="https://neu1.ermenswil.ch/cms/wp-content/uploads/2021/09/ermenswil_Spielplatz1.jpg" alt="" class="wp-image-79"/></figure>
</div>


<p>Die Grundidee war, der Bevölkerung von Ermenswil einen Ort der Begegnung, insbesondere aber den Kindern eine Möglichkeit zu bieten, sich abseits von allem Verkehr bei Spiel und Sport zu vergnügen.</p>



<p>Um das Bauvorhaben eines Spiel- und Hartplatzes zu realisieren und diesen danach auch zu unterhalten, war im Februar 1999 die Schaffung eines Vereins notwendig.</p>


<div class="wp-block-image">
<figure class="alignleft size-full"><img loading="lazy" decoding="async" width="250" height="188" src="https://neu1.ermenswil.ch/cms/wp-content/uploads/2021/09/ermenswil_Spielplatz2.jpg" alt="" class="wp-image-80"/></figure>
</div>


<p>Bei der Suche nach einem geeigneten Standort, durfte man auf die Grosszügigkeit der Firma Baumann Federn zählen, welche das idyllisch an einem Bach gelegene Grundstück zwischen ihren Tennis- und Fussballplätzen kostenlos zur Verfügung stellte.</p>



<p>Mit Unterstützung vieler Sponsoren und nach unzähligen Stunden Fronarbeit, konnte im September 2000 die neue Freizeitanlage im Rahmen des ersten Sport- und Spielplatzfestes eingeweiht werden.</p>



<p>Nebst dem alljählichen Sport-und Spielplatzfest, werden mittlerweile auch zahlreiche andere <a href="https://www.ermenswil.ch/index.php/agenda/" data-type="page" data-id="11">Anlässe </a>organisiert. Zudem setzt sich der Verein für kulturelle und gesellschaftliche Interessen ein.</p>


<div class="wp-block-image">
<figure class="alignleft size-full"><img loading="lazy" decoding="async" width="250" height="188" src="https://neu1.ermenswil.ch/cms/wp-content/uploads/2021/09/ermenswil_Spielplatz3.jpg" alt="" class="wp-image-81"/></figure>
</div>


<p>Hier sehen Sie das <a href="https://www.ermenswil.ch/index.php/organigramm/" data-type="page" data-id="27">Organigramm unseres Vereins</a>.</p>



<p>Sind Sie an einer Mitgliedschaft interessiert? Wir freuen uns über jede Unterstützung! In Kürze steht an dieser Stelle ein Formular zum Ausfüllen bereit oder senden Sie einfach ein Mail an <a href="mailto:info@ermenswil.ch">info(at)ermenswil.ch</a>.</p>



<p></p>

<p>Die Grundidee war, der Bevölkerung von Ermenswil einen Ort der Begegnung, insbesondere aber den Kindern eine Möglichkeit zu bieten, sich abseits von allem Verkehr bei &hellip; </p>
