{"id":21,"date":"2021-09-22T20:25:35","date_gmt":"2021-09-22T20:25:35","guid":{"rendered":"https:\/\/neu1.ermenswil.ch\/cms\/?page_id=21"},"modified":"2025-03-09T20:50:03","modified_gmt":"2025-03-09T20:50:03","slug":"kontakt","status":"publish","type":"page","link":"https:\/\/www.ermenswil.ch\/index.php\/kontakt\/","title":{"rendered":"Kontakt"},"content":{"rendered":"\n<p>Ortsverein Pro Ermenswil<br>8734 Ermenswil<\/p>\n\n\n\n<p>WhatsApp: 077 498 77 81<\/p>\n\n\n\n<p><a href=\"mailto:info@ermenswil.ch\">info(at)ermenswil.ch<\/a><\/p>\n\n\n\n<div style=\"height:17px\" aria-hidden=\"true\" class=\"wp-block-spacer\"><\/div>\n\n\n\n<h2 class=\"wp-block-heading\">Mitglied werden<\/h2>\n\n\n\n<p>Sind Sie an einer Mitgliedschaft interessiert? Wir freuen uns \u00fcber jede Unterst\u00fctzung! Der Jahresbeitrag betr\u00e4gt CHF 30. Alle weiteren Informationen finden Sie unter dem Punkt <a href=\"https:\/\/www.ermenswil.ch\/index.php\/mitgliedschaft\/\" data-type=\"page\" data-id=\"2388\">Mitgliedschaft<\/a>.<\/p>\n\n\n\n<p>F\u00fcr alle sonstigen Fragen und Anregungen senden Sie einfach ein Mail an <a href=\"mailto:info@ermenswil.ch\">info(at)ermenswil.ch<\/a>.<\/p>\n\n\n\n<p><\/p>\n\n\n\n<p><\/p>\n","protected":false},"excerpt":{"rendered":"<p>Ortsverein Pro Ermenswil8734 Ermenswil WhatsApp: 077 498 77 81 info(at)ermenswil.ch Mitglied werden Sind Sie an einer Mitgliedschaft interessiert? Wir freuen uns \u00fcber jede Unterst\u00fctzung! Der &hellip; <\/p>\n","protected":false},"author":1,"featured_media":0,"parent":0,"menu_order":0,"comment_status":"closed","ping_status":"closed","template":"","meta":{"ngg_post_thumbnail":0,"footnotes":""},"class_list":["post-21","page","type-page","status-publish","hentry"],"publishpress_future_action":{"enabled":false,"date":"2026-05-07 22:12:04","action":"change-status","newStatus":"draft","terms":[],"taxonomy":"","extraData":[]},"publishpress_future_workflow_manual_trigger":{"enabledWorkflows":[]},"_links":{"self":[{"href":"https:\/\/www.ermenswil.ch\/index.php\/wp-json\/wp\/v2\/pages\/21","targetHints":{"allow":["GET"]}}],"collection":[{"href":"https:\/\/www.ermenswil.ch\/index.php\/wp-json\/wp\/v2\/pages"}],"about":[{"href":"https:\/\/www.ermenswil.ch\/index.php\/wp-json\/wp\/v2\/types\/page"}],"author":[{"embeddable":true,"href":"https:\/\/www.ermenswil.ch\/index.php\/wp-json\/wp\/v2\/users\/1"}],"replies":[{"embeddable":true,"href":"https:\/\/www.ermenswil.ch\/index.php\/wp-json\/wp\/v2\/comments?post=21"}],"version-history":[{"count":18,"href":"https:\/\/www.ermenswil.ch\/index.php\/wp-json\/wp\/v2\/pages\/21\/revisions"}],"predecessor-version":[{"id":2403,"href":"https:\/\/www.ermenswil.ch\/index.php\/wp-json\/wp\/v2\/pages\/21\/revisions\/2403"}],"wp:attachment":[{"href":"https:\/\/www.ermenswil.ch\/index.php\/wp-json\/wp\/v2\/media?parent=21"}],"curies":[{"name":"wp","href":"https:\/\/api.w.org\/{rel}","templated":true}]}}

<p>Ortsverein Pro Ermenswil<br>8734 Ermenswil</p>



<p>WhatsApp: 077 498 77 81</p>



<p><a href="mailto:info@ermenswil.ch">info(at)ermenswil.ch</a></p>



<div style="height:17px" aria-hidden="true" class="wp-block-spacer"></div>



<h2 class="wp-block-heading">Mitglied werden</h2>



<p>Sind Sie an einer Mitgliedschaft interessiert? Wir freuen uns über jede Unterstützung! Der Jahresbeitrag beträgt CHF 30. Alle weiteren Informationen finden Sie unter dem Punkt <a href="https://www.ermenswil.ch/index.php/mitgliedschaft/" data-type="page" data-id="2388">Mitgliedschaft</a>.</p>



<p>Für alle sonstigen Fragen und Anregungen senden Sie einfach ein Mail an <a href="mailto:info@ermenswil.ch">info(at)ermenswil.ch</a>.</p>



<p></p>



<p></p>

<p>Ortsverein Pro Ermenswil8734 Ermenswil WhatsApp: 077 498 77 81 info(at)ermenswil.ch Mitglied werden Sind Sie an einer Mitgliedschaft interessiert? Wir freuen uns über jede Unterstützung! Der &hellip; </p>
